at is the tens digit of n?
8
Let p = 51 + -46. Suppose -p*z + 4*z - 2 = 0. What is the hundreds digit of ((-52)/(-65))/(z/(-335))?
1
Let k(x) = 7*x - 68. Let l be k(10). Suppose -b = 5, 0 = 5*t - l*b - 3*b - 90. What is the units digit of t?
3
Let y be (4 - -8) + (-2)/(3 + -1). Let j(s) = -s**3 + 11*s**2 + 7*s + 23. Let c be j(y). Let w = c + 51. What is the units digit of w?
1
Let c(p) be the second derivative of p**7/630 + p**6/80 + p**5/30 - p**4/6 - 14*p. Let f(u) be the third derivative of c(u). What is the tens digit of f(-6)?
9
Let h(a) = 3280*a - 362. What is the tens digit of h(3)?
7
Let y = -831 - -3721. Suppose 19*s - 853 = y. What is the tens digit of s?
9
Let c = 17488 - 4309. What is the ten thousands digit of c?
1
Suppose -56*u + 51*u = -3*l + 72349, -3*u - 6 = 0. What is the hundreds digit of l?
1
Let u = 628 - -3103. What is the tens digit of u?
3
Let y = -245 - -404. Suppose -2*x = -811 - y. Suppose -4*n - s + 396 = s, 5*n - x = -5*s. What is the tens digit of n?
0
Let l(m) = -3*m**2 - m + 44. Let u be l(-8). Let n = u + 145. Suppose -1633 = -n*c + t - 278, 4*t = 0. What is the units digit of c?
1
Let d be 14 - ((-187)/(-44) - 1/4). What is the tens digit of 98/(40/(-25)*d/(-8))?
4
Let i(s) = 19*s**3 + 2*s. Let f(g) = 21*g**3 + 2*g + 1. Let t(m) = 5*f(m) - 6*i(m). What is the units digit of t(-4)?
9
Let f = -26 - -16. Let z(h) = 6*h - 5. Let g(v) = -v - 1. Let b(c) = -3*g(c) - z(c). What is the units digit of b(f)?
8
Suppose 214*i = 5*y + 210*i - 147660, 0 = 3*y + 5*i - 88633. What is the thousands digit of y?
9
Suppose 5*g + 90*l - 138732 = 92*l, -2*g = 4*l - 55488. What is the thousands digit of g?
7
Let c = 4710 + 5437. What is the ten thousands digit of c?
1
Let h be (576/40 - 6)/((-4)/30). Suppose 5*t = 2*t + 330. Let l = t + h. What is the units digit of l?
7
Let i(w) be the second derivative of -11*w**3/6 - 197*w**2/2 + w + 39. What is the units digit of i(-19)?
2
Let s be 12/(-14)*(1 + (-12)/(-2)). Let l be 3/s*2 + (-21)/(-3). Suppose -l*r = 3*r - 1926. What is the tens digit of r?
1
Suppose 155038 = 4*t - 5*r + 2*r, 18 = -3*r. What is the ten thousands digit of t?
3
Let z(c) be the first derivative of c**4/4 - 4*c**3/3 - c**2 - 5*c + 335. Suppose 10 = 2*a - 0*a. What is the units digit of z(a)?
0
Let r be (-2)/(8/(-6940))*2. Suppose r + 256 = 6*z. What is the units digit of z?
1
Let i = -89 - -138. Let n = i + -44. Suppose n*v + z - 998 = 0, -4*v + 4*z = v - 983. What is the tens digit of v?
9
Let a be 2*4/8 + 0. What is the units digit of 1133 + ((-4)/a - (-138)/23)?
5
Suppose s - 1750 - 4415 = 0. Suppose -6*c - s = -825. What is the hundreds digit of 48/32 - (c/(-4))/(-1)?
2
Let k(g) = -g**3 - 31*g**2 - 52*g + 58. What is the units digit of k(-36)?
0
Suppose l + 14 = 3*y - 1, 3*y - 3 = -3*l. Let q(t) = 10*t**3 - t**2 - 7*t + 10. What is the tens digit of q(y)?
0
Let z(n) = -71 + 2*n + 33 + 25*n**2 + n**3 + 24 - 10*n**2. What is the hundreds digit of z(-13)?
2
Let o(l) be the first derivative of 5*l - 15 + 1/3*l**3 - 3/2*l**2. What is the units digit of o(2)?
3
Suppose 5*l - 265 = 235. Let o = -144 + l. What is the units digit of (-8)/o + 652/44?
5
Suppose -y = 3*i - 7358, -3*i - 2448 = -4*i + 2*y. Suppose -11*x + i = -7*x. What is the tens digit of x?
1
What is the units digit of ((-6)/9 - 3754722/(-1071))*7/1?
6
Let s = 693 - 236. Let r = 1311 - s. Let p = r + -560. What is the hundreds digit of p?
2
Let c(a) = -25*a - 14. Let v(g) = 50*g + 28. Let f(k) = -5*c(k) - 2*v(k). Let x be f(-5). Let t = 172 + x. What is the units digit of t?
1
Let k = 1692 - 1723. Suppose 3*d - l - 97 = -3*l, 5*d - 5*l = 120. Let f = d - k. What is the units digit of f?
0
Let y be (1*(-9)/(-6))/(21/8078). Suppose 5*g + 4*d - 1268 = y, 2*g - 771 = 5*d. What is the units digit of g?
3
Suppose -86*a + 2136 = -85*a. What is the thousands digit of a?
2
Let t(y) = -12*y**3 + 9*y**2 + 9*y + 44. What is the thousands digit of t(-10)?
2
Let b(c) = -c**3 - 17*c**2 + 5. Let o be b(-17). Let h(v) = 8*v**3 + 10*v**2 - 7*v + 3. What is the thousands digit of h(o)?
1
Let h be 1/3 - 5768/42. Let r = h + 660. What is the tens digit of r?
2
Suppose -2*c - 8186 = -4*r, 2*r = -2*r + 5*c + 8189. What is the hundreds digit of r?
0
Let l(o) = -10*o - 64. Let m be l(-7). What is the hundreds digit of -3 - (12/m - 240)?
2
Let m(y) = -y**2 - 23*y + 24. Let k be m(-24). Suppose 2*d - 703 = u - k*u, 0 = -5*d + 4*u + 1765. What is the tens digit of d?
4
Suppose 3*i = -y + 17, 2*y + 4*i - 18 = 6. Suppose y*v - 120 = -2*v. What is the tens digit of v?
3
Suppose -2*o + 33 - 37 = 3*h, -o = -2*h - 12. What is the units digit of (-3 - (-4848)/(-2))*o/(-12)?
9
Let a(k) = 32*k**3 + 3*k**2 - 1. Suppose 0 = d - 4*z + 44, 4*z + 132 = -3*d + 2*z. Let l = d - -45. What is the units digit of a(l)?
4
Let r be (3/9)/(7/105). What is the tens digit of (2 - (r - 179)) + -5?
7
Let v = 91 + -130. Let q = v - -49. Suppose 796 = q*d + 76. What is the tens digit of d?
7
Let j(b) = 311*b - 713. What is the units digit of j(31)?
8
Let m(n) = 2138*n - 709. What is the tens digit of m(9)?
3
Suppose -140*g = -145*g - 40, 0 = 4*q + g - 40228. What is the hundreds digit of q?
0
Let j = 15039 + -8311. What is the units digit of j?
8
Suppose 5*y - 2*i - 12592 = 0, -4*i + 6 = 10. Suppose 5*u = 5*g + 6220, 5*u = 3*u - 4*g + y. What is the hundreds digit of u?
2
Let s be (8/(-5))/((-6)/75). Suppose s = k + 3*k. Suppose 20 = k*g, -2*g - 4 - 15 = -3*w. What is the units digit of w?
9
Suppose 11*j - 250283 = -48400. What is the units digit of j?
3
Let g(p) be the second derivative of p**3/6 + p**2 - 20*p. Let k be g(0). Suppose 0 = k*b - 210 + 12. What is the units digit of b?
9
Let k = 188 + -188. Suppose 1404 = -k*x + 3*x. What is the tens digit of x?
6
Suppose -k + 109 + 777 = 0. Suppose 0 = 4*h + 3*n + 837 + 54, 4*h = 2*n - k. Let f = -147 - h. What is the units digit of f?
5
Let h(j) be the second derivative of j**5/20 + 5*j**4/12 - 2*j**3 - 3*j**2/2 + 224*j. What is the tens digit of h(-5)?
5
Let v(b) = -5*b**2 + 11*b - 9. Suppose 0 = -2*g + 5*i + 1, -8 = -5*g + 3*i - 34. Let u be v(g). Let q = -132 - u. What is the units digit of q?
9
Let x = 19 + -23. Let v be x/(((-40)/(-6))/(-5)). Suppose v*h = h + 86. What is the tens digit of h?
4
Suppose -3*k + 4*r = -4*k - 9, 3*k + 3*r = 0. Let u be k + (60/25 - (-2)/(-5)). Suppose g = 5*s + 118, 3*s + 740 = u*g + 8*s. What is the units digit of g?
3
Suppose 5*b + 2*u + 35 = -3*u, -u - 39 = 5*b. What is the hundreds digit of b/44 + (-16473)/(-33)?
4
Let l be (8/(-12))/((-2)/10026). Suppose 9*h = l - 273. What is the hundreds digit of h?
3
Let o = -82 - -145. Let s = o + -60. Suppose 15 = -s*y + 45. What is the tens digit of y?
1
Let x(i) = -8*i - 7*i + 2144*i**2 - 5 - 2141*i**2. What is the hundreds digit of x(-8)?
3
Let b = -3724 + 5439. Suppose 401*f - 406*f = -b. What is the hundreds digit of f?
3
What is the thousands digit of 4/(-30) + 2119176/1620?
1
Suppose -26160 = 7*u - 12*u. Suppose 4*b = 2*n + 3*n + u, 5*b - 6499 = -4*n. What is the units digit of b?
3
Let i = 1279 + -602. Let g = i + -487. What is the units digit of g?
0
Let c(a) = 2*a + 57. Let s(o) = o**2 - 16*o + 50. Let h be s(8). Let v be c(h). Suppose -y = 6 - v. What is the tens digit of y?
2
Suppose 3*f - 633 - 48 = 0. Suppose f = 4*n - 389. What is the hundreds digit of n?
1
Let f(o) = 40*o - 17. Let q be f(3). Suppose q*b = 96*b + 3416. What is the hundreds digit of b?
4
Suppose 2*j + 4 = -f, 2*f + 4*j = -j - 10. Suppose -2*n - 3*n = -2250. Suppose 2*v + 10 = -f*v, -v = -5*k + n. What is the units digit of k?
9
Let t = -15 - -15. Let c be 171/7 - 96/(-168). Suppose 5*k + c = 0, t = -2*z - 0*k - 2*k + 346. What is the tens digit of z?
7
Let c = 4093 + -2761. Suppose -11*r - c = -23*r. What is the hundreds digit of r?
1
Let o be (-1)/(-2)*(12 + (-1 - 3)). What is the units digit of 1/(o/(-20)) + 330?
5
Let s = 186 + 424. What is the tens digit of s?
1
Let m(x) be the second derivative of -7*x**3/3 - 3*x**2 - 26*x. Suppose -3 = -4*j - 19. What is the units digit of m(j)?
0
Let j(t) = -2*t**2 - 13*t - 13. Let o be j(-5). Suppose -164 - 154 = -o*c. Let q = c + -92. What is the tens digit of q?
6
Let s be (10/(-3))/((-10)/60). Suppose 0 = 4*b - 6*b + s. Suppose -436 = -b*w + 6*w. What 